{"id":136,"date":"2026-04-16T14:44:17","date_gmt":"2026-04-16T14:44:17","guid":{"rendered":"https:\/\/accesomedicina.es\/?page_id=136"},"modified":"2026-04-17T15:04:06","modified_gmt":"2026-04-17T15:04:06","slug":"universidades-privadas-de-medicina-en-espana","status":"publish","type":"page","link":"https:\/\/accesomedicina.es\/index.php\/universidades-privadas-de-medicina-en-espana\/","title":{"rendered":"Universidades privadas de Medicina en Espa\u00f1a"},"content":{"rendered":"\t\t<div data-elementor-type=\"wp-page\" data-elementor-id=\"136\" class=\"elementor elementor-136\" data-elementor-post-type=\"page\">\n\t\t\t\t<div class=\"elementor-element elementor-element-7d0dcbf e-flex e-con-boxed e-con e-parent\" data-id=\"7d0dcbf\" data-element_type=\"container\" data-e-type=\"container\">\n\t\t\t\t\t<div class=\"e-con-inner\">\n\t\t<div class=\"elementor-element elementor-element-0bf1859 e-con-full e-flex e-con e-child\" data-id=\"0bf1859\" data-element_type=\"container\" data-e-type=\"container\">\n\t\t\t\t<div class=\"elementor-element elementor-element-22a54a2 elementor-widget elementor-widget-heading\" data-id=\"22a54a2\" data-element_type=\"widget\" data-e-type=\"widget\" data-widget_type=\"heading.default\">\n\t\t\t\t\t<h2 class=\"elementor-heading-title elementor-size-default\">Descubre qu\u00e9 universidades ofrecen Medicina privada en Espa\u00f1a, c\u00f3mo es el proceso de acceso y qu\u00e9 necesitas para conseguir plaza<\/h2>\t\t\t\t<\/div>\n\t\t\t\t<div class=\"elementor-element elementor-element-45358e0 elementor-widget elementor-widget-text-editor\" data-id=\"45358e0\" data-element_type=\"widget\" data-e-type=\"widget\" data-widget_type=\"text-editor.default\">\n\t\t\t\t\t\t\t\t\t<p>Cada vez m\u00e1s estudiantes optan por universidades privadas para estudiar Medicina en Espa\u00f1a. Ya sea por no alcanzar la nota de corte en la p\u00fablica o por buscar una alternativa m\u00e1s flexible, las privadas ofrecen diferentes v\u00edas de acceso que conviene conocer bien desde el principio.<\/p>\t\t\t\t\t\t\t\t<\/div>\n\t\t\t\t<\/div>\n\t\t<div class=\"elementor-element elementor-element-4d00f07 e-con-full e-flex e-con e-child\" data-id=\"4d00f07\" data-element_type=\"container\" data-e-type=\"container\">\n\t\t<div class=\"elementor-element elementor-element-bf7ddaf e-con-full e-flex e-con e-child\" data-id=\"bf7ddaf\" data-element_type=\"container\" data-e-type=\"container\">\n\t\t\t\t<div class=\"elementor-element elementor-element-099d1ec elementor-widget elementor-widget-image\" data-id=\"099d1ec\" data-element_type=\"widget\" data-e-type=\"widget\" data-widget_type=\"image.default\">\n\t\t\t\t\t\t\t\t\t\t\t\t\t\t\t<img fetchpriority=\"high\" decoding=\"async\" width=\"800\" height=\"534\" src=\"https:\/\/accesomedicina.es\/wp-content\/uploads\/2026\/04\/Equipo-medico-1024x683.jpg\" class=\"attachment-large size-large wp-image-147\" alt=\"acceso medicina\" srcset=\"https:\/\/accesomedicina.es\/wp-content\/uploads\/2026\/04\/Equipo-medico-1024x683.jpg 1024w, https:\/\/accesomedicina.es\/wp-content\/uploads\/2026\/04\/Equipo-medico-300x200.jpg 300w, https:\/\/accesomedicina.es\/wp-content\/uploads\/2026\/04\/Equipo-medico-768x512.jpg 768w, https:\/\/accesomedicina.es\/wp-content\/uploads\/2026\/04\/Equipo-medico-1536x1024.jpg 1536w, https:\/\/accesomedicina.es\/wp-content\/uploads\/2026\/04\/Equipo-medico-2048x1365.jpg 2048w\" sizes=\"(max-width: 800px) 100vw, 800px\" \/>\t\t\t\t\t\t\t\t\t\t\t\t\t\t\t<\/div>\n\t\t\t\t<\/div>\n\t\t\t\t<\/div>\n\t\t\t\t\t<\/div>\n\t\t\t\t<\/div>\n\t\t<div class=\"elementor-element elementor-element-eb747a5 e-flex e-con-boxed e-con e-parent\" data-id=\"eb747a5\" data-element_type=\"container\" data-e-type=\"container\">\n\t\t\t\t\t<div class=\"e-con-inner\">\n\t\t<div class=\"elementor-element elementor-element-e2e3eef e-con-full e-flex e-con e-child\" data-id=\"e2e3eef\" data-element_type=\"container\" data-e-type=\"container\">\n\t\t\t\t<div class=\"elementor-element elementor-element-c550563 elementor-widget elementor-widget-image\" data-id=\"c550563\" data-element_type=\"widget\" data-e-type=\"widget\" data-widget_type=\"image.default\">\n\t\t\t\t\t\t\t\t\t\t\t\t\t\t\t<img decoding=\"async\" width=\"800\" height=\"413\" src=\"https:\/\/accesomedicina.es\/wp-content\/uploads\/2026\/04\/24Z_2105.w019.n001.507B.p15.507-1024x528.jpg\" class=\"attachment-large size-large wp-image-152\" alt=\"acceso a medicina\" srcset=\"https:\/\/accesomedicina.es\/wp-content\/uploads\/2026\/04\/24Z_2105.w019.n001.507B.p15.507-1024x528.jpg 1024w, https:\/\/accesomedicina.es\/wp-content\/uploads\/2026\/04\/24Z_2105.w019.n001.507B.p15.507-300x155.jpg 300w, https:\/\/accesomedicina.es\/wp-content\/uploads\/2026\/04\/24Z_2105.w019.n001.507B.p15.507-768x396.jpg 768w, https:\/\/accesomedicina.es\/wp-content\/uploads\/2026\/04\/24Z_2105.w019.n001.507B.p15.507-1536x792.jpg 1536w, https:\/\/accesomedicina.es\/wp-content\/uploads\/2026\/04\/24Z_2105.w019.n001.507B.p15.507-2048x1055.jpg 2048w\" sizes=\"(max-width: 800px) 100vw, 800px\" \/>\t\t\t\t\t\t\t\t\t\t\t\t\t\t\t<\/div>\n\t\t\t\t<\/div>\n\t\t<div class=\"elementor-element elementor-element-ed44f81 e-con-full e-flex e-con e-child\" data-id=\"ed44f81\" data-element_type=\"container\" data-e-type=\"container\">\n\t\t\t\t<div class=\"elementor-element elementor-element-d7c6d99 elementor-widget elementor-widget-heading\" data-id=\"d7c6d99\" data-element_type=\"widget\" data-e-type=\"widget\" data-widget_type=\"heading.default\">\n\t\t\t\t\t<h2 class=\"elementor-heading-title elementor-size-default\">C\u00f3mo acceder a Medicina en universidades privadas<\/h2>\t\t\t\t<\/div>\n\t\t\t\t<div class=\"elementor-element elementor-element-003431d elementor-widget elementor-widget-text-editor\" data-id=\"003431d\" data-element_type=\"widget\" data-e-type=\"widget\" data-widget_type=\"text-editor.default\">\n\t\t\t\t\t\t\t\t\t<p data-start=\"906\" data-end=\"1148\">A diferencia de la universidad p\u00fablica, cada universidad privada establece su propio proceso de admisi\u00f3n. Esto puede incluir pruebas tipo test, entrevistas personales, valoraci\u00f3n del expediente acad\u00e9mico o incluso varias fases combinadas.<\/p><p data-start=\"1150\" data-end=\"1328\">Por eso, no existe un \u00fanico examen com\u00fan: cada centro tiene sus fechas, requisitos y criterios. Prepararse sin conocer estas diferencias es uno de los errores m\u00e1s habituales.<\/p>\t\t\t\t\t\t\t\t<\/div>\n\t\t\t\t<\/div>\n\t\t\t\t\t<\/div>\n\t\t\t\t<\/div>\n\t\t<div class=\"elementor-element elementor-element-9de8e6f e-flex e-con-boxed e-con e-parent\" data-id=\"9de8e6f\" data-element_type=\"container\" data-e-type=\"container\">\n\t\t\t\t\t<div class=\"e-con-inner\">\n\t\t\t\t<div class=\"elementor-element elementor-element-992a12b elementor-widget elementor-widget-heading\" data-id=\"992a12b\" data-element_type=\"widget\" data-e-type=\"widget\" data-widget_type=\"heading.default\">\n\t\t\t\t\t<h2 class=\"elementor-heading-title elementor-size-default\">Universidades privadas de Medicina en Espa\u00f1a<\/h2>\t\t\t\t<\/div>\n\t\t\t\t<div class=\"elementor-element elementor-element-d67a5c6 elementor-widget elementor-widget-text-editor\" data-id=\"d67a5c6\" data-element_type=\"widget\" data-e-type=\"widget\" data-widget_type=\"text-editor.default\">\n\t\t\t\t\t\t\t\t\t<p>Estas son algunas de las principales universidades privadas donde puedes estudiar Medicina en Espa\u00f1a, cada una con un proceso de admisi\u00f3n diferente:<\/p>\t\t\t\t\t\t\t\t<\/div>\n\t\t\t\t\t<\/div>\n\t\t\t\t<\/div>\n\t\t<div class=\"elementor-element elementor-element-97a909c e-flex e-con-boxed e-con e-parent\" data-id=\"97a909c\" data-element_type=\"container\" data-e-type=\"container\">\n\t\t\t\t\t<div class=\"e-con-inner\">\n\t\t<div class=\"elementor-element elementor-element-870b529 e-con-full e-flex e-con e-child\" data-id=\"870b529\" data-element_type=\"container\" data-e-type=\"container\">\n\t\t\t\t<div class=\"elementor-element elementor-element-9adf35a elementor-widget elementor-widget-text-editor\" data-id=\"9adf35a\" data-element_type=\"widget\" data-e-type=\"widget\" data-widget_type=\"text-editor.default\">\n\t\t\t\t\t\t\t\t\t<ul>\n<li data-start=\"1722\" data-end=\"1762\">Universidad Alfonso X el Sabio<\/li>\n<li data-start=\"1722\" data-end=\"1762\">Universidad Camilo Jos\u00e9 Cela<\/li>\n<li data-start=\"1763\" data-end=\"1805\">Universidad Cat\u00f3lica de Valencia<\/li>\n<li data-start=\"1806\" data-end=\"1859\">Universidad Cat\u00f3lica San Antonio de Murcia<\/li>\n<li data-start=\"1806\" data-end=\"1859\">Universidad CEU Abat Oliva de Barcelona<\/li>\n<li data-start=\"1806\" data-end=\"1859\">Universidad CEU Cardenal Herrera de Valencia<\/li>\n<li data-start=\"1806\" data-end=\"1859\">Universidad CEU Fernando III de Sevilla<\/li>\n<li data-start=\"1649\" data-end=\"1678\">Universidad CEU San Pablo<\/li>\n<li data-start=\"1908\" data-end=\"1934\">Universidad de Navarra<\/li>\n<li data-start=\"1625\" data-end=\"1648\"><span style=\"background-color: transparent;\">Universidad Internacional de Catalu\u00f1a<\/span><\/li>\n<li data-start=\"1860\" data-end=\"1907\">Universidad Nebrija<\/li>\n<\/ul>\t\t\t\t\t\t\t\t<\/div>\n\t\t\t\t<\/div>\n\t\t<div class=\"elementor-element elementor-element-3e0514a e-con-full e-flex e-con e-child\" data-id=\"3e0514a\" data-element_type=\"container\" data-e-type=\"container\">\n\t\t<div class=\"elementor-element elementor-element-a158fa3 e-con-full e-flex e-con e-child\" data-id=\"a158fa3\" data-element_type=\"container\" data-e-type=\"container\">\n\t\t\t\t<div class=\"elementor-element elementor-element-d192716 elementor-widget elementor-widget-text-editor\" data-id=\"d192716\" data-element_type=\"widget\" data-e-type=\"widget\" data-widget_type=\"text-editor.default\">\n\t\t\t\t\t\t\t\t\t<p style=\"text-align: center;\">\u00bfNo ves la universidad que quieres en el listado?<\/p><p style=\"text-align: center;\">\u00a1No te preocupes!<\/p><p style=\"text-align: center;\">Escr\u00edbenos y te orientamos paso a paso.<\/p>\t\t\t\t\t\t\t\t<\/div>\n\t\t\t\t<\/div>\n\t\t<div class=\"elementor-element elementor-element-6fde076 e-con-full e-flex e-con e-child\" data-id=\"6fde076\" data-element_type=\"container\" data-e-type=\"container\">\n\t\t\t\t<div class=\"elementor-element elementor-element-b47f12c elementor-button-info elementor-align-center elementor-widget elementor-widget-button\" data-id=\"b47f12c\" data-element_type=\"widget\" data-e-type=\"widget\" data-widget_type=\"button.default\">\n\t\t\t\t\t\t\t\t\t\t<a class=\"elementor-button elementor-button-link elementor-size-sm elementor-animation-grow\" href=\"https:\/\/wa.me\/34622432913\">\n\t\t\t\t\t\t<span class=\"elementor-button-content-wrapper\">\n\t\t\t\t\t\t<span class=\"elementor-button-icon\">\n\t\t\t\t<svg aria-hidden=\"true\" class=\"e-font-icon-svg e-fab-whatsapp\" viewBox=\"0 0 448 512\" xmlns=\"http:\/\/www.w3.org\/2000\/svg\"><path d=\"M380.9 97.1C339 55.1 283.2 32 223.9 32c-122.4 0-222 99.6-222 222 0 39.1 10.2 77.3 29.6 111L0 480l117.7-30.9c32.4 17.7 68.9 27 106.1 27h.1c122.3 0 224.1-99.6 224.1-222 0-59.3-25.2-115-67.1-157zm-157 341.6c-33.2 0-65.7-8.9-94-25.7l-6.7-4-69.8 18.3L72 359.2l-4.4-7c-18.5-29.4-28.2-63.3-28.2-98.2 0-101.7 82.8-184.5 184.6-184.5 49.3 0 95.6 19.2 130.4 54.1 34.8 34.9 56.2 81.2 56.1 130.5 0 101.8-84.9 184.6-186.6 184.6zm101.2-138.2c-5.5-2.8-32.8-16.2-37.9-18-5.1-1.9-8.8-2.8-12.5 2.8-3.7 5.6-14.3 18-17.6 21.8-3.2 3.7-6.5 4.2-12 1.4-32.6-16.3-54-29.1-75.5-66-5.7-9.8 5.7-9.1 16.3-30.3 1.8-3.7.9-6.9-.5-9.7-1.4-2.8-12.5-30.1-17.1-41.2-4.5-10.8-9.1-9.3-12.5-9.5-3.2-.2-6.9-.2-10.6-.2-3.7 0-9.7 1.4-14.8 6.9-5.1 5.6-19.4 19-19.4 46.3 0 27.3 19.9 53.7 22.6 57.4 2.8 3.7 39.1 59.7 94.8 83.8 35.2 15.2 49 16.5 66.6 13.9 10.7-1.6 32.8-13.4 37.4-26.4 4.6-13 4.6-24.1 3.2-26.4-1.3-2.5-5-3.9-10.5-6.6z\"><\/path><\/svg>\t\t\t<\/span>\n\t\t\t\t\t\t\t\t\t<span class=\"elementor-button-text\">Hablar por WhatsApp<\/span>\n\t\t\t\t\t<\/span>\n\t\t\t\t\t<\/a>\n\t\t\t\t\t\t\t\t<\/div>\n\t\t\t\t<\/div>\n\t\t\t\t<\/div>\n\t\t\t\t\t<\/div>\n\t\t\t\t<\/div>\n\t\t<div class=\"elementor-element elementor-element-3ce477b e-flex e-con-boxed e-con e-parent\" data-id=\"3ce477b\" data-element_type=\"container\" data-e-type=\"container\">\n\t\t\t\t\t<div class=\"e-con-inner\">\n\t\t<div class=\"elementor-element elementor-element-08bebcd e-con-full e-flex e-con e-child\" data-id=\"08bebcd\" data-element_type=\"container\" data-e-type=\"container\">\n\t\t\t\t<div class=\"elementor-element elementor-element-a24e0ae elementor-widget elementor-widget-image\" data-id=\"a24e0ae\" data-element_type=\"widget\" data-e-type=\"widget\" data-widget_type=\"image.default\">\n\t\t\t\t\t\t\t\t\t\t\t\t\t\t\t<img decoding=\"async\" width=\"800\" height=\"879\" src=\"https:\/\/accesomedicina.es\/wp-content\/uploads\/2026\/04\/young-female-doctor-hospital-worker-white-coat-thinking-looking-away-thoughtful-searching-sol-scaled-e1776350450130-932x1024.jpg\" class=\"attachment-large size-large wp-image-153\" alt=\"options, change\" srcset=\"https:\/\/accesomedicina.es\/wp-content\/uploads\/2026\/04\/young-female-doctor-hospital-worker-white-coat-thinking-looking-away-thoughtful-searching-sol-scaled-e1776350450130-932x1024.jpg 932w, https:\/\/accesomedicina.es\/wp-content\/uploads\/2026\/04\/young-female-doctor-hospital-worker-white-coat-thinking-looking-away-thoughtful-searching-sol-scaled-e1776350450130-273x300.jpg 273w, https:\/\/accesomedicina.es\/wp-content\/uploads\/2026\/04\/young-female-doctor-hospital-worker-white-coat-thinking-looking-away-thoughtful-searching-sol-scaled-e1776350450130-768x844.jpg 768w, https:\/\/accesomedicina.es\/wp-content\/uploads\/2026\/04\/young-female-doctor-hospital-worker-white-coat-thinking-looking-away-thoughtful-searching-sol-scaled-e1776350450130.jpg 1126w\" sizes=\"(max-width: 800px) 100vw, 800px\" \/>\t\t\t\t\t\t\t\t\t\t\t\t\t\t\t<\/div>\n\t\t\t\t<\/div>\n\t\t<div class=\"elementor-element elementor-element-78b2455 e-con-full e-flex e-con e-child\" data-id=\"78b2455\" data-element_type=\"container\" data-e-type=\"container\">\n\t\t\t\t<div class=\"elementor-element elementor-element-4e5ec53 elementor-widget elementor-widget-heading\" data-id=\"4e5ec53\" data-element_type=\"widget\" data-e-type=\"widget\" data-widget_type=\"heading.default\">\n\t\t\t\t\t<h2 class=\"elementor-heading-title elementor-size-default\">Qu\u00e9 cambia entre unas universidades y otras<\/h2>\t\t\t\t<\/div>\n\t\t\t\t<div class=\"elementor-element elementor-element-eeb2b92 elementor-widget elementor-widget-text-editor\" data-id=\"eeb2b92\" data-element_type=\"widget\" data-e-type=\"widget\" data-widget_type=\"text-editor.default\">\n\t\t\t\t\t\t\t\t\t<p data-start=\"2219\" data-end=\"2421\">Las diferencias no est\u00e1n solo en el precio o la ubicaci\u00f3n. Cambian aspectos clave como el tipo de prueba de acceso, la dificultad del proceso, el n\u00famero de plazas o la forma de evaluar al candidato.<\/p><p data-start=\"2423\" data-end=\"2552\">Elegir bien a qu\u00e9 universidades presentarse y en qu\u00e9 orden puede marcar la diferencia entre conseguir plaza o quedarse fuera.<\/p>\t\t\t\t\t\t\t\t<\/div>\n\t\t\t\t<div class=\"elementor-element elementor-element-89844c4 elementor-widget elementor-widget-heading\" data-id=\"89844c4\" data-element_type=\"widget\" data-e-type=\"widget\" data-widget_type=\"heading.default\">\n\t\t\t\t\t<h2 class=\"elementor-heading-title elementor-size-default\">\u00bfY si prefieres estudiar medicina en la universidad p\u00fablica?<\/h2>\t\t\t\t<\/div>\n\t\t\t\t<div class=\"elementor-element elementor-element-c9ba943 elementor-widget elementor-widget-text-editor\" data-id=\"c9ba943\" data-element_type=\"widget\" data-e-type=\"widget\" data-widget_type=\"text-editor.default\">\n\t\t\t\t\t\t\t\t\t<p>Si tu objetivo es acceder a Medicina en una universidad p\u00fablica, seas espa\u00f1ol o extranjero, el proceso es completamente diferente y depende de la nota de tu expediente y los resultados de las pruebas de acceso oficiales. \u00a1<span style=\"color: #e11496;\"><strong><a style=\"color: #e11496;\" href=\"https:\/\/rmind.es\/pruebas-de-acceso\/acceso-universidad\/\" target=\"_blank\" rel=\"noopener\">Te preparamos<\/a><\/strong><\/span>!<\/p>\t\t\t\t\t\t\t\t<\/div>\n\t\t\t\t<\/div>\n\t\t\t\t\t<\/div>\n\t\t\t\t<\/div>\n\t\t<div class=\"elementor-element elementor-element-5c9a29a e-flex e-con-boxed e-con e-parent\" data-id=\"5c9a29a\" data-element_type=\"container\" data-e-type=\"container\">\n\t\t\t\t\t<div class=\"e-con-inner\">\n\t\t\t\t<div class=\"elementor-element elementor-element-3d97fbd elementor-button-info elementor-align-center elementor-widget elementor-widget-button\" data-id=\"3d97fbd\" data-element_type=\"widget\" data-e-type=\"widget\" data-widget_type=\"button.default\">\n\t\t\t\t\t\t\t\t\t\t<a class=\"elementor-button elementor-button-link elementor-size-sm elementor-animation-grow\" href=\"https:\/\/wa.me\/34622432913\">\n\t\t\t\t\t\t<span class=\"elementor-button-content-wrapper\">\n\t\t\t\t\t\t<span class=\"elementor-button-icon\">\n\t\t\t\t<svg aria-hidden=\"true\" class=\"e-font-icon-svg e-fab-whatsapp\" viewBox=\"0 0 448 512\" xmlns=\"http:\/\/www.w3.org\/2000\/svg\"><path d=\"M380.9 97.1C339 55.1 283.2 32 223.9 32c-122.4 0-222 99.6-222 222 0 39.1 10.2 77.3 29.6 111L0 480l117.7-30.9c32.4 17.7 68.9 27 106.1 27h.1c122.3 0 224.1-99.6 224.1-222 0-59.3-25.2-115-67.1-157zm-157 341.6c-33.2 0-65.7-8.9-94-25.7l-6.7-4-69.8 18.3L72 359.2l-4.4-7c-18.5-29.4-28.2-63.3-28.2-98.2 0-101.7 82.8-184.5 184.6-184.5 49.3 0 95.6 19.2 130.4 54.1 34.8 34.9 56.2 81.2 56.1 130.5 0 101.8-84.9 184.6-186.6 184.6zm101.2-138.2c-5.5-2.8-32.8-16.2-37.9-18-5.1-1.9-8.8-2.8-12.5 2.8-3.7 5.6-14.3 18-17.6 21.8-3.2 3.7-6.5 4.2-12 1.4-32.6-16.3-54-29.1-75.5-66-5.7-9.8 5.7-9.1 16.3-30.3 1.8-3.7.9-6.9-.5-9.7-1.4-2.8-12.5-30.1-17.1-41.2-4.5-10.8-9.1-9.3-12.5-9.5-3.2-.2-6.9-.2-10.6-.2-3.7 0-9.7 1.4-14.8 6.9-5.1 5.6-19.4 19-19.4 46.3 0 27.3 19.9 53.7 22.6 57.4 2.8 3.7 39.1 59.7 94.8 83.8 35.2 15.2 49 16.5 66.6 13.9 10.7-1.6 32.8-13.4 37.4-26.4 4.6-13 4.6-24.1 3.2-26.4-1.3-2.5-5-3.9-10.5-6.6z\"><\/path><\/svg>\t\t\t<\/span>\n\t\t\t\t\t\t\t\t\t<span class=\"elementor-button-text\">Hablar por WhatsApp<\/span>\n\t\t\t\t\t<\/span>\n\t\t\t\t\t<\/a>\n\t\t\t\t\t\t\t\t<\/div>\n\t\t\t\t<div class=\"elementor-element elementor-element-da52d94 elementor-widget elementor-widget-heading\" data-id=\"da52d94\" data-element_type=\"widget\" data-e-type=\"widget\" data-widget_type=\"heading.default\">\n\t\t\t\t\t<h2 class=\"elementor-heading-title elementor-size-default\">Te ayudamos a conseguir TU plaza en Medicina<\/h2>\t\t\t\t<\/div>\n\t\t\t\t<div class=\"elementor-element elementor-element-3c595a0 elementor-widget elementor-widget-text-editor\" data-id=\"3c595a0\" data-element_type=\"widget\" data-e-type=\"widget\" data-widget_type=\"text-editor.default\">\n\t\t\t\t\t\t\t\t\t<p>Cada caso es diferente. Analizamos tu situaci\u00f3n y te orientamos sobre qu\u00e9 universidades son m\u00e1s adecuadas y c\u00f3mo preparar el proceso de acceso.<\/p>\t\t\t\t\t\t\t\t<\/div>\n\t\t\t\t\t<\/div>\n\t\t\t\t<\/div>\n\t\t\t\t<\/div>\n\t\t","protected":false},"excerpt":{"rendered":"<p>Descubre qu\u00e9 universidades ofrecen Medicina privada en Espa\u00f1a, c\u00f3mo es el proceso de acceso y qu\u00e9 necesitas para conseguir plaza Cada vez m\u00e1s estudiantes optan por universidades privadas para estudiar Medicina en Espa\u00f1a. Ya sea por no alcanzar la nota de corte en la p\u00fablica o por buscar una alternativa m\u00e1s flexible, las privadas ofrecen [&hellip;]<\/p>\n","protected":false},"author":1,"featured_media":0,"parent":0,"menu_order":0,"comment_status":"closed","ping_status":"closed","template":"","meta":{"_joinchat":[],"footnotes":""},"class_list":["post-136","page","type-page","status-publish","hentry"],"_links":{"self":[{"href":"https:\/\/accesomedicina.es\/index.php\/wp-json\/wp\/v2\/pages\/136","targetHints":{"allow":["GET"]}}],"collection":[{"href":"https:\/\/accesomedicina.es\/index.php\/wp-json\/wp\/v2\/pages"}],"about":[{"href":"https:\/\/accesomedicina.es\/index.php\/wp-json\/wp\/v2\/types\/page"}],"author":[{"embeddable":true,"href":"https:\/\/accesomedicina.es\/index.php\/wp-json\/wp\/v2\/users\/1"}],"replies":[{"embeddable":true,"href":"https:\/\/accesomedicina.es\/index.php\/wp-json\/wp\/v2\/comments?post=136"}],"version-history":[{"count":25,"href":"https:\/\/accesomedicina.es\/index.php\/wp-json\/wp\/v2\/pages\/136\/revisions"}],"predecessor-version":[{"id":182,"href":"https:\/\/accesomedicina.es\/index.php\/wp-json\/wp\/v2\/pages\/136\/revisions\/182"}],"wp:attachment":[{"href":"https:\/\/accesomedicina.es\/index.php\/wp-json\/wp\/v2\/media?parent=136"}],"curies":[{"name":"wp","href":"https:\/\/api.w.org\/{rel}","templated":true}]}}